rime number?
False
Is 38942405 prime?
False
Is 306208387 prime?
True
Is 45777766 composite?
True
Is 84322793 a prime number?
False
Is 51566027 a prime number?
True
Is 9772519 a prime number?
True
Is 281063 composite?
False
Is 37617847 composite?
False
Is 858851 a composite number?
True
Is 56862931 prime?
True
Is 2007287 a composite number?
True
Is 1534783 a composite number?
False
Is 16847657 a prime number?
False
Is 158148829 composite?
False
Is 372397 prime?
True
Is 363361153 prime?
False
Is 31147531 a prime number?
True
Is 20691791 composite?
False
Is 12689623 composite?
True
Is 4789963 a prime number?
True
Is 50719261 a composite number?
False
Is 7607777 composite?
False
Is 45111497 a composite number?
True
Is 6182821 prime?
False
Is 172849 a prime number?
True
Is 6031471 prime?
True
Is 20310959 prime?
False
Is 63121241 a composite number?
False
Is 5089439 prime?
True
Is 2449639 composite?
False
Is 255444967 a composite number?
False
Is 1325083 prime?
True
Is 125992453 a composite number?
False
Is 47795977 a prime number?
True
Is 258075191 composite?
True
Is 5480257 composite?
True
Is 32090909 composite?
False
Is 28759493 composite?
True
Is 254391395 a composite number?
True
Is 300299 a prime number?
True
Is 1884967 a composite number?
True
Is 41623747 prime?
False
Is 2233799 a composite number?
True
Is 3946973 a composite number?
True
Is 71635253 composite?
False
Is 5738281 prime?
False
Is 46166269 a prime number?
False
Is 3951391 composite?
False
Is 4416499 composite?
False
Is 3174337 prime?
True
Is 258970031 prime?
False
Is 597911 a prime number?
False
Is 6404521 composite?
False
Is 88562767 a composite number?
False
Is 6063571 composite?
True
Is 86771 composite?
False
Is 21469171 a prime number?
False
Is 3054253 a prime number?
False
Is 31551851 a composite number?
True
Is 765649 a prime number?
True
Is 12088781 composite?
True
Is 3460201 a prime number?
True
Is 81949729 prime?
True
Is 895019 a prime number?
False
Is 588167117 prime?
True
Is 117784331 composite?
True
Is 2314301 composite?
True
Is 3417623 prime?
False
Is 661246409 a prime number?
True
Is 25191979 prime?
True
Is 335895157 composite?
True
Is 69896201 composite?
False
Is 25379867 a composite number?
False
Is 4574657 composite?
True
Is 78621961 composite?
True
Is 770558 a composite number?
True
Is 406358219 prime?
False
Is 509855069 prime?
True
Is 6848713 a prime number?
False
Is 5823211 composite?
False
Is 155422 a prime number?
False
Is 8572595 a prime number?
False
Is 357759773 composite?
True
Is 45040681 a composite number?
True
Is 8896757 a prime number?
False
Is 8145573 a composite number?
True
Is 240871 a composite number?
True
Is 1529875229 prime?
True
Is 3974041 prime?
True
Is 4310171 a composite number?
False
Is 147161777 a prime number?
False
Is 1377637 a composite number?
False
Is 19619 a prime number?
False
Is 33798733 prime?
False
Is 6963521 prime?
False
Is 69699691 prime?
True
Is 357081 a prime number?
False
Is 3201689 prime?
True
Is 149916263 composite?
True
Is 11269631 a prime number?
True
Is 143368801 a prime number?
True
Is 1887247 prime?
True
Is 33127019 a composite number?
True
Is 39914723 a prime number?
False
Is 1007243 a composite number?
False
Is 1404989 a composite number?
False
Is 189775951 a prime number?
True
Is 1144753 composite?
True
Is 12708253 prime?
True
Is 37506439 prime?
True
Is 132531191 a composite number?
True
Is 2179156771 a prime number?
False
Is 66863129 a composite number?
False
Is 3704663 prime?
False
Is 7547399 prime?
True
Is 19761331 composite?
False
Is 127321 a composite number?
False
Is 8884195 a prime number?
False
Is 211074577 a composite number?
True
Is 4500211 composite?
False
Is 411649259 composite?
True
Is 1492151 a composite number?
True
Is 12938633 a composite number?
True
Is 11635489 prime?
False
Is 17733151 a prime number?
True
Is 6986561 a prime number?
False
Is 32979659 a composite number?
False
Is 187366931 a composite number?
False
Is 3815291 a composite number?
False
Is 14805953 a prime number?
True
Is 18622921 a composite number?
False
Is 338449 prime?
True
Is 151845269 a composite number?
False
Is 26824978 a prime number?
False
Is 1113554089 prime?
False
Is 12527221 a prime number?
False
Is 4527269 a prime number?
True
Is 63721111 a prime number?
True
Is 69682831 composite?
False
Is 96796153 prime?
False
Is 125471 composite?
False
Is 562997 a composite number?
False
Is 60258941 prime?
True
Is 318607129 a composite number?
False
Is 632647 composite?
False
Is 89462701 prime?
True
Is 1212917 a composite number?
False
Is 9761911 prime?
False
Is 472520267 a prime number?
True
Is 31254233 a prime number?
False
Is 138727 a prime number?
True
Is 724013 a prime number?
False
Is 13502017 prime?
False
Is 30454313 a prime number?
True
Is 27994373 a composite number?
True
Is 147186877 a composite number?
False
Is 93758959 prime?
False
Is 11235727 composite?
False
Is 777221 prime?
True
Is 10160147 composite?
True
Is 73327 a composite number?
False
Is 992458 composite?
True
Is 1946617 a prime number?
True
Is 2420687 a composite number?
False
Is 11751251 a prime number?
True
Is 4224757 a prime number?
False
Is 2347217 composite?
False
Is 9632429 prime?
True
Is 38135227 composite?
True
Is 682811 prime?
True
Is 6164689 prime?
True
Is 8955833 prime?
True
Is 8273981 a prime number?
True
Is 5051029 a composite number?
False
Is 50059421 a composite number?
True
Is 359231489 composite?
True
Is 38365387 composite?
False
Is 76910651 composite?
True
Is 1747363 a composite number?
False
Is 79043747 composite?
False
Is 34885211 a prime number?
False
Is 4448377 composite?
True
Is 104740441 prime?
False
Is 72818399 composite?
False
Is 756000719 prime?
True
Is 1045983 a composite number?
True
Is 21581773 a composite number?
True
Is 2247983 prime?
False
Is 155182351 composite?
False
Is 39119527 a prime number?
False
Is 4813199 composite?
True
Is 3051317 prime?
True
Is 7768073 a composite number?
True
Is 110031391 prime?
True
Is 12961409 a composite number?
True
Is 660397 a composite number?
True
Is 689851 composite?
False
Is 88215823 composite?
True
Is 32062753 prime?
False
Is 112619 composite?
True
Is 2134177 prime?
False
Is 417370007 composite?
False
Is 13692203 a prime number?
False
Is 804564947 a prime number?
False
Is 80718301 composite?
False
Is 56164297 a prime number?
False
Is 71574179 prime?
False
Is 6540557 composite?
False
Is 51167063 prime?
True
Is 1348931 prime?
True
Is 14288539 a composite number?
False
Is 52487 prime?
False
Is 476826331 a composite number?
False
Is 10636727 a composite number?
False
Is 3671905 prime?
False
Is 1424399 a composite number?
False
Is 167045 a composite number?
True
Is 6169231 a prime number?
True
Is 7024031 a prime number?
False
Is 38766769 composite?
False
Is 887741 prime?
False
Is 68203219 composite?
True
Is 60819457 a composite number?
True
Is 4620943 composite?
False
Is 23170123 composite?
True
Is 2063797 prime?
True
Is 7660473 a composite number?
True
Is 43306427 a composite number?
False
Is 131050921 composite?
False
Is 1824983 a prime number?
False
Is 13136023 a prime number?
True
Is 17245489 prime?
True
Is 986059 composite?
True
Is 23416606 prime?
False
Is 449804753 a composite number?
False
Is 2772247 prime?
True
Is 68229229 composite?
False
Is 4984153 a composite number?
False
Is 88095905 a composite number?
True
Is 476113 prime?
False
Is 15020209 composite?
True
Is 33861089 composite?
False
Is 202869659 composite?
False
Is 7904263 composite?
False
Is 905083 a composite number?
False
Is 15871181 a prime number?
True
Is 59620439 prime?
False
Is 512747 a composite number?
False
Is 334311259 a composite number?
False
Is 86039 prime?
False
Is 74710963 a composite number?
True
Is 298201499 composite?
True
Is 45310403 prime?
True
Is 62437589 composite?
True
Is 17936169 prime?
False
Is 35739101 prime?
True
Is 86179199 composite?
False
Is 24077527 a composite number?
True
Is 297159253 a composite number?
False
Is 7858733 prime?
True
Is 13263115 composite?
True
Is 100696837 a composite number?
False
Is 59864767 prime?
True
Is 1266374 composite?
True
Is 24763477 prime?
False
Is 132083287 composite?
True
Is 4013407 prime?
True
Is 34663 a prime number?
False
Is 5703019 composite?
True
Is 1655387